{"id":94,"date":"2018-09-16T16:59:21","date_gmt":"2018-09-16T16:59:21","guid":{"rendered":"http:\/\/talleresalvaro.es\/?page_id=94"},"modified":"2018-09-21T09:59:05","modified_gmt":"2018-09-21T09:59:05","slug":"caldereria","status":"publish","type":"page","link":"http:\/\/talleresalvaro.es\/?page_id=94","title":{"rendered":"Calderer\u00eda"},"content":{"rendered":"<p>&nbsp;<\/p>\n<p style=\"text-align: justify;\">Trabajos en calderer\u00eda en A\u00ba al carbono y en A\u00ba inoxidable, todas las calidades. Complementamos nuestros trabajos con materiales como pl\u00e1sticos, cristal, policarbonatos, PRFV, madera, etc.<\/p>\n<p style=\"text-align: justify;\">Trabajamos sobre planos a petici\u00f3n de nuestros clientes para dar respuesta a las distintas necesidades surgidas en distintos sectores industriales. Desde la fabricaci\u00f3n de sectores de filtros aplicados en distintos tipos de empresas, pasando por la construcci\u00f3n de dep\u00f3sitos para fluidos en industrias de producci\u00f3n en cadena, trabajos de construcci\u00f3n sin aportaci\u00f3n de planos que ofrecen soluciones para oficios tradicionales como es la ganader\u00eda, hasta construcciones civiles con otros materiales, como arquetas de PRFV o en combinaci\u00f3n de materiales construyendo marquesinas para el transporte p\u00fablico.<\/p>\n<p style=\"text-align: justify;\">Tambi\u00e9n realizamos trabajos individualizados para particulares.<\/p>\n<div class=\"rl-gallery-container rl-loading\" id=\"rl-gallery-container-1\" data-gallery_id=\"207\"> <div class=\"rl-gallery rl-basicgrid-gallery \" id=\"rl-gallery-1\" data-gallery_no=\"1\"> <div class=\"rl-gallery-item\"><a href=\"http:\/\/talleresalvaro.es\/wp-content\/uploads\/2018\/09\/20151013_175016-768x461.jpg\" title=\"Sector de filtro para industria.\" data-rl_title=\"Sector de filtro para industria.\" class=\"rl-gallery-link\" data-rl_caption=\"\" data-rel=\"lightbox-gallery-1\"><img src=\"http:\/\/talleresalvaro.es\/wp-content\/uploads\/2018\/09\/20151013_175016-1024x614.jpg\" width=\"600\" height=\"360\" \/><\/a><\/div><div class=\"rl-gallery-item\"><a href=\"http:\/\/talleresalvaro.es\/wp-content\/uploads\/2018\/09\/2013-11-15-11.11.05-768x576.jpg\" title=\"Dep\u00f3sito para fluidos en empresa de producci\u00f3n en cadena.\" data-rl_title=\"Dep\u00f3sito para fluidos en empresa de producci\u00f3n en cadena.\" class=\"rl-gallery-link\" data-rl_caption=\"\" data-rel=\"lightbox-gallery-1\"><img src=\"http:\/\/talleresalvaro.es\/wp-content\/uploads\/2018\/09\/2013-11-15-11.11.05-1024x768.jpg\" width=\"600\" height=\"450\" \/><\/a><\/div><div class=\"rl-gallery-item\"><a href=\"http:\/\/talleresalvaro.es\/wp-content\/uploads\/2018\/09\/23122011076-768x576.jpg\" title=\"Pesebre para ganader\u00eda.\" data-rl_title=\"Pesebre para ganader\u00eda.\" class=\"rl-gallery-link\" data-rl_caption=\"\" data-rel=\"lightbox-gallery-1\"><img src=\"http:\/\/talleresalvaro.es\/wp-content\/uploads\/2018\/09\/23122011076-1024x768.jpg\" width=\"600\" height=\"450\" \/><\/a><\/div><div class=\"rl-gallery-item\"><a href=\"http:\/\/talleresalvaro.es\/wp-content\/uploads\/2018\/09\/14072011748-768x576.jpg\" title=\"Arquetas en PRFV.\" data-rl_title=\"Arquetas en PRFV.\" class=\"rl-gallery-link\" data-rl_caption=\"\" data-rel=\"lightbox-gallery-1\"><img src=\"http:\/\/talleresalvaro.es\/wp-content\/uploads\/2018\/09\/14072011748-1024x768.jpg\" width=\"600\" height=\"450\" \/><\/a><\/div><div class=\"rl-gallery-item\"><a href=\"http:\/\/talleresalvaro.es\/wp-content\/uploads\/2018\/09\/14022012164-768x576.jpg\" title=\"Marquesina combinaci\u00f3n inoxidable y cristal.\" data-rl_title=\"Marquesina combinaci\u00f3n inoxidable y cristal.\" class=\"rl-gallery-link\" data-rl_caption=\"\" data-rel=\"lightbox-gallery-1\"><img src=\"http:\/\/talleresalvaro.es\/wp-content\/uploads\/2018\/09\/14022012164-1024x768.jpg\" width=\"600\" height=\"450\" \/><\/a><\/div> <\/div> <\/div>\n<p>&nbsp;<\/p>\n<p>&nbsp;<\/p>\n<p>&nbsp;<\/p>\n<p>&nbsp;<\/p>\n<p>&nbsp;<\/p>\n<p>&nbsp;<\/p>\n<p>&nbsp;<\/p>\n<p>&nbsp; &nbsp;<\/p>\n<p><!-- \/wp:paragraph --><\/p>\n","protected":false},"excerpt":{"rendered":"<p>&nbsp; Trabajos en calderer\u00eda en A\u00ba al carbono y en A\u00ba inoxidable, todas las calidades. Complementamos nuestros trabajos con materiales como pl\u00e1sticos, cristal, policarbonatos, PRFV, madera, etc. Trabajamos sobre planos a petici\u00f3n de nuestros clientes para dar respuesta a las distintas necesidades surgidas en distintos sectores industriales. Desde la fabricaci\u00f3n de sectores de filtros aplicados [&hellip;]<\/p>\n","protected":false},"author":1,"featured_media":160,"parent":0,"menu_order":0,"comment_status":"closed","ping_status":"closed","template":"","meta":[],"_links":{"self":[{"href":"http:\/\/talleresalvaro.es\/index.php?rest_route=\/wp\/v2\/pages\/94"}],"collection":[{"href":"http:\/\/talleresalvaro.es\/index.php?rest_route=\/wp\/v2\/pages"}],"about":[{"href":"http:\/\/talleresalvaro.es\/index.php?rest_route=\/wp\/v2\/types\/page"}],"author":[{"embeddable":true,"href":"http:\/\/talleresalvaro.es\/index.php?rest_route=\/wp\/v2\/users\/1"}],"replies":[{"embeddable":true,"href":"http:\/\/talleresalvaro.es\/index.php?rest_route=%2Fwp%2Fv2%2Fcomments&post=94"}],"version-history":[{"count":10,"href":"http:\/\/talleresalvaro.es\/index.php?rest_route=\/wp\/v2\/pages\/94\/revisions"}],"predecessor-version":[{"id":212,"href":"http:\/\/talleresalvaro.es\/index.php?rest_route=\/wp\/v2\/pages\/94\/revisions\/212"}],"wp:featuredmedia":[{"embeddable":true,"href":"http:\/\/talleresalvaro.es\/index.php?rest_route=\/wp\/v2\/media\/160"}],"wp:attachment":[{"href":"http:\/\/talleresalvaro.es\/index.php?rest_route=%2Fwp%2Fv2%2Fmedia&parent=94"}],"curies":[{"name":"wp","href":"https:\/\/api.w.org\/{rel}","templated":true}]}}